ulate the remainder when 407 is divided by s.
5
Calculate the remainder when 95 is divided by 290/(-4205) - (-410)/58.
4
Let l = 104 - 96. Suppose -l*b = -b - 49. Calculate the remainder when 66 is divided by b.
3
Suppose -5*g = 10, -30 = -3*c - 3*g + 6. Let h = 8 - -4. Let v = h + 12. Calculate the remainder when v is divided by c.
10
Let k be 2/(200/102 - 2). Let t(q) = -q**2 - 46*q - 55. Let a be t(-46). Let j = k - a. Calculate the remainder when 23 is divided by j.
3
Suppose -25388 = -18*i - 5588. Suppose i = -10*z + 30*z. What is the remainder when z is divided by 31?
24
What is the remainder when 938 is divided by ((3/1 - -1) + (-548)/16)*-8?
212
Suppose 3*f = -4*y + 19, -f = -y - 1 + 4. Suppose o + 111 = 2*q, -y*q + 8*o + 234 = 10*o. What is the remainder when 221 is divided by q?
50
Let z(g) = -g**3 + 13*g**2 + 16*g - 20. Calculate the remainder when 30 is divided by z(14).
6
Let v = -369 - -257. Let x be 4/(-14) - 1376/v. Suppose -x - 12 = -4*n. Calculate the remainder when 16 is divided by n.
4
Let a(d) be the first derivative of -33*d**4/4 - 2*d**3/3 + d**2 + 2*d + 17. Let f be a(-2). Calculate the remainder when 4/(-24) + f/12 is divided by 11.
10
Let q be 8/10*(-1)/((-8)/6740). Let f = q + -664. Calculate the remainder when 28 is divided by f.
8
Let d = 42 - 25. Calculate the remainder when (22/(-26) + ((-18)/39)/3)*-41 is divided by d.
7
Suppose 2*r - 322*x = -323*x + 539, -4*r - x + 1073 = 0. What is the remainder when r is divided by 133?
1
Let u = -139 - -275. What is the remainder when u is divided by -2*(92/(-8) - -1)*8/6?
24
Suppose 0*m = 16*m - 2000. Let w = -143 + m. Let f = w - -36. Calculate the remainder when 71 is divided by f.
17
Suppose -1923*j + 1130 = -1918*j. Calculate the remainder when 338 is divided by j.
112
Let z = -137 + 0. Let c = z + 160. Calculate the remainder when 34 is divided by c.
11
Let o(f) = -4*f**3 + 28*f**2 - 74*f - 10. Calculate the remainder when o(-12) is divided by 54.
50
Suppose -4*x = 2*m - 7190, -3*m + 10623 + 178 = -2*x. Calculate the remainder when m is divided by 40.
39
Suppose 0 = 3*c + 10*c - 338. Suppose -c*q = -35*q + 144. What is the remainder when 46 is divided by q?
14
Calculate the remainder when 4097 is divided by 1179/12 + 1 + (162/(-24))/(-9).
97
Let u = -61 - -131. Suppose -u*i = -64*i - 42. Calculate the remainder when 25 is divided by i.
4
Let y(t) = -6*t**2 + 52*t - 10. What is the remainder when y(7) is divided by ((-11)/13 - -1) + 323/13?
10
Suppose -15*o + 9*o = -60. Suppose -11*x + 13 = -o*x. Calculate the remainder when 180 is divided by x.
11
What is the remainder when 2/(-1)*(-14523)/94 is divided by 64?
53
Let f be -2*5/4 + (-19)/38. Let x(n) = -n**3 - 2*n**2 + 3*n + 5. Let t be x(f). Suppose t*z + 9 = 54. Calculate the remainder when 15 is divided by z.
6
Let f = -14415 + 14737. What is the remainder when 3862 is divided by f?
320
Let i(j) = 9*j**2 + 4*j - 41. Suppose -59*s + 65*s - 264 = 0. Calculate the remainder when i(6) is divided by s.
43
Let a be (-8 - (-230)/(-20))*-2. Suppose -a = 57*n - 324. Let j = 2 + 7. Calculate the remainder when j is divided by n.
4
Let d(f) = 2*f + 4. Calculate the remainder when 1362/908 + 1035/6 is divided by d(7).
12
Let q(p) be the first derivative of -p**4/4 - 5*p**3 - 15*p**2 - 27*p + 73. What is the remainder when 193 is divided by q(-13)?
18
Let g = 328 - -624. Suppose g = 278*i - 274*i. What is the remainder when i is divided by 60?
58
What is the remainder when (-80)/70 + 1808/14 + 6 is divided by 15?
14
Let g(k) = k**2 - 3*k - 5. What is the remainder when g(-5) is divided by (-6 - 0)/(85/(-255))?
17
Let d be (-4 - -1)*((-64)/12)/4. Let n(z) = z**3 - 4*z**2 - 5*z. Let w be n(d). What is the remainder when 68 is divided by 0 - 0 - (w + 6)?
12
Suppose 1478 = 19*x + 91. Let o = -57 + x. What is the remainder when 43 is divided by o?
11
Let k(p) be the second derivative of p**5/20 + 11*p**4/12 - 17*p**3/6 - 18*p**2 + 70*p. Calculate the remainder when 91 is divided by k(-12).
19
Suppose 20*o - 3509 = 2331. Let u = o + -272. What is the remainder when u is divided by 3?
2
Let z(g) = g**3 + 6*g + 325. Calculate the remainder when z(13) is divided by 90.
80
Calculate the remainder when 361 is divided by 3 - (1 + -105)/13.
9
Suppose 15929*u - 15932*u = -45. What is the remainder when 623 is divided by u?
8
Suppose 325 = -7*z - 1264. Let k = z - -262. Calculate the remainder when 68 is divided by k.
33
Let x = -1092 + 1116. Calculate the remainder when -2 + (-142*3)/(-3) is divided by x.
20
Let j(y) = -y**3 - y**2 + y + 1. Let i be j(-2). Let p = -47 - -32. What is the remainder when 57 is divided by i*((-350)/p)/7?
7
Let s(b) = 54 - 12 - 5*b + 13. Suppose -38 = -4*p - x, 5*p - x - 9 - 43 = 0. What is the remainder when 12 is divided by s(p)?
2
Calculate the remainder when 8645/13 - 14 - -23 is divided by 48.
2
Calculate the remainder when 24569 is divided by 28/22*110/(-40) - (-67)/2.
29
Let p(z) = -z**3 + 2*z**2 - 4*z - 5. Let a be p(-2). Suppose -a*u + 117 = -16*u. What is the remainder when 191 is divided by u?
35
Suppose 3*j + 2462 = 4*k, -21*j + 22*j - 1246 = -2*k. What is the remainder when k is divided by 105?
95
Let t(c) = -50*c**2 + 1202*c - 37. Suppose -4*j + 4*s = -148, -s + 56 = 3*j - 55. What is the remainder when j is divided by t(24)?
4
Let c be 6/(2/(-6)*-6). Suppose 3*q + 162 = 5*u, c*q = -3*u + 41 + 37. Let d = -11 + u. Calculate the remainder when 35 is divided by d.
16
Suppose 3*h - 34 = 4*i, 14 + 34 = 5*h + 2*i. What is the remainder when 6108 is divided by h?
8
Let f(b) = 16*b**3 - 10*b**2 + 85*b - 948. What is the remainder when f(10) is divided by 58?
54
Suppose 5*t + 2*d = 106, 3*t - 124*d + 122*d - 118 = 0. Suppose 5*b - 1085 = -3*a, 0*b + 3*b - 723 = -2*a. Calculate the remainder when a is divided by t.
24
Calculate the remainder when 3480 is divided by 4/10*(-68340)/(-408).
63
Suppose -46*b + 13*b = -132. Suppose b*s - 2*s - 46 = 0. Calculate the remainder when 250 is divided by s.
20
Suppose 2*d = 10, 8 = -5*g + 3*d + 33. Let n(k) = -2*k**2 - 17*k + 13. Calculate the remainder when n(-8) is divided by g.
5
Suppose -673*z = -661*z - 4452. Calculate the remainder when z is divided by 29.
23
Suppose -11 = 3*v + 2*d - 31, 14 = 2*v + 2*d. Suppose -v*h = -64 - 164. Let l = 473 + -324. What is the remainder when l is divided by h?
35
Suppose -5*s + 8 + 62 = -w, 2*s = -5*w + 55. Let n be ((-25)/s)/(3/(-162)). Suppose 0 = 6*i - 5*i, v + 5*i = n. What is the remainder when v is divided by 20?
10
Suppose 0 = -58*z + 4623 + 15039. Calculate the remainder when 339 is divided by z.
0
Let t be ((-1)/((-3)/(-9)))/(-1). Suppose -t*p - p = -24. Let q(f) = 2*f**2 + 143*f + 281. Calculate the remainder when p is divided by q(-2).
0
Calculate the remainder when 1399 is divided by ((-20)/(-32))/(-5) - (-633795)/1240.
377
Let a(u) = u**2 + u - 4. Let s be a(-3). Let w be (-6 + 66/12)*s*4. Calculate the remainder when -7*(w/(-1) - 13) is divided by 22.
19
Let g = 2357 + -1430. Suppose -2*m + 3*r + 380 = 0, -3*m + 4*r - g = -8*m. Calculate the remainder when m is divided by 38.
35
Suppose -6 = -6*n + 6. Let k(w) = w + 15. Let j be k(-10). Suppose -5*a = -4*f - 45 - 11, a + j*f = 17. What is the remainder when a is divided by n?
0
Let n = -80 + 105. Let t(c) = -c - 5. Let i be t(0). Let w(g) = -7*g - 21. What is the remainder when n is divided by w(i)?
11
Suppose 290 = 7*y - 403. Suppose 17*m - 496 = y. What is the remainder when 102 is divided by m?
32
Let d(j) = 4*j**2 - 114*j - 860. What is the remainder when d(-7) is divided by 92?
42
Suppose 3*y + 2*f = 31, y + 5*f + 0 = -7. Calculate the remainder when 1464 is divided by y.
8
Let n(o) = -4*o**2 - 20*o + 5. What is the remainder when 1968 is divided by n(-4)?
15
Suppose 986 = -2*u + 186. Let o = -265 - u. Calculate the remainder when o is divided by 73.
62
Let z be (-860)/(-18) - (-20)/90. Suppose 5*s - z = -8. Let y(u) = -u**3 + 12*u**2 - 8*u - 11. Calculate the remainder when y(11) is divided by s.
6
Let h(x) be the second derivative of 8*x**3/3 - 145*x**2/2 - 11*x - 1. Calculate the remainder when h(11) is divided by 17.
14
Let d = 2320 - 2047. What is the remainder when d is divided by 11?
9
Let n(m) = -16*m**3 - 3*m**2 - 3*m - 4. Let a(z) = z**3 + 5*z**2 -